 m(k).
-17
Let h(o) = o**3 - 4*o**2 - 2*o - 7. Let n(i) = i**3 - 6*i**2 - 5*i - 9. Let v be n(7). Determine h(v).
8
Let g(l) be the second derivative of -l**4/12 + 3*l**3/2 + 3*l**2/2 - 93*l. Give g(10).
-7
Let h be (-259)/(-35) - (-4)/(-10). Suppose -80 = -h*y - 24. Let c(p) = -p**3 + 9*p**2 - 9*p + 10. What is c(y)?
2
Let m = -7 + 3. Let z(v) be the third derivative of -v**4/24 - v**3/2 + 47*v**2. Let b be z(m). Let p(u) = -u**3 + u**2 + 2*u - 1. Calculate p(b).
1
Let j(w) = w**3 + 5*w**2 + 3*w + 2. Suppose -2*a + a + 21 = 0. Suppose 0 = -8*z - 11 - a. Determine j(z).
6
Suppose -2*k - 6 = -5*k. Let j(d) = -4*d + 6*d**k - 6 - 57*d**3 + 6*d + 58*d**3 + 2*d. Determine j(-5).
-1
Let d = -164 - -163. Let i(v) be the first derivative of -9*v**2/2 - v - 2. Calculate i(d).
8
Let g(t) = -26*t**2 - 21*t**2 + 44*t**2 - 2 - t**3 + 11. What is g(-3)?
9
Let p(u) be the first derivative of u**2 - u - 85. Calculate p(0).
-1
Suppose g + 4*k - 31 = 6*k, 0 = -g + 3*k + 34. Let h be (-40)/g*(-15)/6. Let m(a) = 2*a + 2. Calculate m(h).
10
Let c = 245 + -238. Let d(b) = b**2 - 8*b + 10. Calculate d(c).
3
Let w = 49 - 46. Let u(l) = -l**3 - 7*l + 6*l**2 - 1 + 5 + 0*l**w. Calculate u(5).
-6
Let b(n) = n**3 + 4*n**2 + n + 1. Let j = 63 - 53. Suppose -j*g - 40 = -0*g. Give b(g).
-3
Let p(n) = -2*n + 5. Let a(r) = -7*r + 19. Let z(l) = -6*a(l) + 22*p(l). Let b be -2*(10/4)/1. Calculate z(b).
6
Let i(h) = -8. Let r(f) = f - 7. Let d(x) = -x**2 - 2*x + 4. Let m be d(-2). Let z(v) = m*i(v) - 5*r(v). Calculate z(2).
-7
Let k(a) = 8*a**3 - a**2. Let i be 8/(-2) + 4 + -1. Let o be ((-36)/(-54))/(2/(-6) - i). Give k(o).
7
Let w(t) be the first derivative of 7*t**3/3 + 7*t**2/2 + 5*t - 29. Let o(c) = 15*c**2 + 15*c + 11. Let a(b) = -6*o(b) + 13*w(b). What is a(-2)?
1
Let a(s) = -2*s**2 + s + 8. Suppose -4 = -4*y - 4*r, -5*y - 134*r + 14 = -132*r. Give a(y).
-20
Let l(b) = -107*b + 34*b + 3 + 39*b - 2 + 33*b. What is l(5)?
-4
Let i = 47 + -22. Suppose 4*d + i = 53. Let f(b) = -b**3 + 8*b**2 - 6*b - 7. Calculate f(d).
0
Let i be (-5)/(-10)*18/3. Let a(y) = -2 - 7*y + i*y + 3 + 2*y. Determine a(1).
-1
Let g(d) = 4*d**2 - 35*d - 4. Let p be g(9). Suppose 2*z = -3*z - p. Let t(r) = -r**3 + 2*r + 1. Calculate t(z).
0
Let h(y) = -y**2 - 11*y + 31. Let k be h(-13). Let c(x) = 2 - 11*x - k*x + x**2 + 7*x. Give c(7).
-12
Let h(s) = s**3 - 6*s**2 + s + 4. Suppose -22*o + 19 = -19*o - 4*t, t = 2*o - 11. Determine h(o).
-16
Let y(t) = -15 - 16*t**2 - 9*t**2 + 11*t + 24*t**2. Give y(10).
-5
Let l(f) = f**2 + 2*f + 5. Suppose -8*a - 45 = 11. Determine l(a).
40
Let b(a) = 37 - 3*a + 46 - 7*a - 82. Give b(-4).
41
Let p(w) = 5*w**2 - 6*w**2 + w**2 - 7*w**2 - 3*w**3 + 2 + 4*w**3. What is p(6)?
-34
Let a(b) be the third derivative of b**5/60 - 17*b**4/24 + b**3 + 234*b**2 - b. What is a(13)?
-46
Let h(m) = m**3 - 5*m**2 - 4*m + 7. Let f(d) = d**2 - 11*d - 97. Let y be f(-6). Give h(y).
-13
Let k(u) = -2*u - 32. Let n(h) = h**2 + 43*h - 90. Let p be n(-45). What is k(p)?
-32
Let z be (4/(-20)*-5)/(4/16). Let j(f) = f**2 + 2. Give j(z).
18
Let h(v) = 4*v - 13. Let k(r) = 3*r - 12. Let d(z) = -2*h(z) + 3*k(z). Calculate d(11).
1
Let f(i) = -8*i**3 - i**2 - 2*i - 1. Let s be f(-1). Let t(h) = -2*h + 17. Let g be t(s). Let w be g*(-3)/6*8. Let l(d) = 2*d + 5. Calculate l(w).
-3
Let q(b) = b**3 - 6*b**2 + 13*b - 22. Let l be q(4). Let j(n) = -6*n - 2. Give j(l).
10
Let y = -12 - -23. Let k = -9 + y. Let a(n) = -13*n - 6*n + 17*n. Calculate a(k).
-4
Suppose -4*m - 59 = -3*k, 3*k - 69 = 4*m - 2*k. Let n(i) = i**2 + 11*i - 4. Calculate n(m).
-4
Let v(r) = 2*r**2 - 4*r - 3. Let m(p) = 24*p + 94. Let l be m(-4). Determine v(l).
13
Let r(b) be the first derivative of b**4/2 + 11*b**3/3 + 5*b**2/2 + 5*b - 429. Determine r(-5).
5
Let i(s) = -s**2 + s. Let u(d) = d**3 - 14*d**2 + 11*d + 9. Let v(c) = 6*i(c) - u(c). Let x = 1851 - 1844. Calculate v(x).
5
Let l(x) = -6*x + 4. Let p = 43 - 41. Give l(p).
-8
Suppose 50*z = 56*z + 42. Let x(v) = v + 6. What is x(z)?
-1
Suppose 2*m = -4*m + 12. Let d(i) = -i + 23*i**m - i**3 - 14*i**2 - 1 - 15*i**2. Calculate d(-6).
5
Let n(o) = o**3 - 9*o**2 - 8. Let f be ((-54)/(-21))/(14/245*5). Calculate n(f).
-8
Suppose -5*o + 6*o = -5*r + 34, 4*r - 4 = 5*o. Let j(h) = 8*h - 12. What is j(r)?
36
Let t(g) = -g**3 + 9*g**2 + 8. Let s(y) = 3*y + 51. Let n be s(-14). What is t(n)?
8
Let f(j) = j**2 + j - 1. Suppose 0*w + 30 = 2*w. Suppose -4*u + 4 = 2*q, 3*q + w - 3 = 3*u. Let p(a) = 3*a**2 + 6*a - 7. Let k(d) = q*f(d) + p(d). Give k(-4).
-5
Let i be -2 - (-102)/(3 + 3). Let m be i/(-30)*(11 + 1). Let p(k) = 3*k + 13. Determine p(m).
-5
Let o(c) = -11*c**2 - 53*c + 13. Let s be o(-5). Let r(t) = -3*t**2 + 4*t + 3. Give r(s).
-12
Let n(a) = -a**2 + 8*a + 2. Let j(y) = y**3 - 21*y**2 + 7. Let v be j(21). Determine n(v).
9
Let q(a) = 4*a**2 + 6*a - 6. Let o(c) = -c**2 + c - 1. Let b(f) = -3*o(f) - q(f). Determine b(-11).
-13
Let z(s) = -6*s. Let q(j) = j**2 + j - 5. Let i be q(0). Let u(y) = -3*y + 12. Let f be u(i). Let p = f - 26. Determine z(p).
-6
Let w(k) = k**2 - 13*k + 36. Let m(y) = 7*y - 66. Let z be m(10). What is w(z)?
0
Let q(i) = i**2 + 13*i + 21. Let a be q(-11). Let d(n) = -3*n**2 - n - 1. Give d(a).
-3
Let m = -283 + 289. Let w(s) be the second derivative of 0 + s**2 - 1/2*s**3 - m*s. Determine w(2).
-4
Let r(n) = -4*n**2 + 7*n - 4. Let h(g) = 14*g**2 - 22*g + 12. Let m(p) = -3*h(p) - 10*r(p). Determine m(-4).
-12
Let r = -460 - -466. Let y(o) = o**3 - 6*o**2 + 6*o - 6. Give y(r).
30
Suppose -z - 36 = -5*z. Let t = -8 + z. Let g(s) = -8*s - 1. Let o(k) = -17*k - 2. Let d(p) = -7*g(p) + 3*o(p). Give d(t).
6
Let m(d) = d**2 + 3*d - 4. Let h(g) be the second derivative of 5*g**3/6 + 4*g**2 - 7*g. Let f be h(-4). Let x be 4/f*-6 - 5. Determine m(x).
-4
Let y(c) = c**2 - 5*c - 1. Let h = 12 + 5. Suppose 0 = -5*a + 8 - 73. Let v = a + h. What is y(v)?
-5
Suppose -h + 3*m = -20, -2*m = -h + 3*m + 30. Suppose -2*v + z + 16 = -z, 0 = -h*v - 3*z. Suppose 10 = -v*n + 1. Let t(l) = -l**2 - 7*l - 4. What is t(n)?
8
Let g(s) = s**3 + 5*s**2 - 5*s - 6. Suppose -l - 5*j = -10*j + 1, -3*l - j - 19 = 0. Calculate g(l).
-12
Let f(g) = g**3 + 12*g**2 + 3*g + 6. Let t(n) = -n**3 - 16*n**2 - 4*n - 7. Let i(l) = 4*f(l) + 3*t(l). Give i(-3).
-24
Let g(v) be the first derivative of v**6/120 - 5*v**4/24 + 2*v**3/3 - 21*v**2/2 - 21. Let x(n) be the second derivative of g(n). Calculate x(3).
16
Let m(a) = -7*a - 3. Let r(x) = 8*x + 4. Suppose 3*d + 0 = -18. Let t(h) = d*r(h) - 7*m(h). Calculate t(-7).
-10
Suppose 4*o = 2 + 10. Let j = -82 - -84. Let v(i) = 13*i**2 - 9*i**o - 8*i**2 - 8*i**j + i + i**2. Calculate v(1).
-10
Suppose 2*c + 48 = -4*c. Let j be (-1 - 1)/(4/c). Let l(h) = 3*h + 0 - 1 + 4. Give l(j).
15
Suppose 4*a + 14 = n, -2*n + 3*n + 4*a + 2 = 0. Suppose -2*v = 4*f + n - 18, -2*v - 4 = -4*f. Let l(k) = k**f + 6*k + 1 + 0 + 9 - 3. Calculate l(-5).
2
Let i(w) = -w**2 - 2*w + 1. Let h = 108 + -108. Calculate i(h).
1
Let f(g) = -g**3 + 14*g**2 - 8*g - 77. Let t be f(13). Let u(z) = -2*z - 24. Determine u(t).
0
Let y(j) = j**2 + j - 30. Suppose -2*b = -5*u - b + 28, 0 = 3*u + 3*b - 6. Determine y(u).
0
Let w(s) = -s**2 - 3. Let d(v) = -3 + 3 - 2 - v**2. Suppose 0*k - 5*i = 3*k - 6, 2*i + 6 = -4*k. Let l(x) = k*d(x) + 2*w(x). Determine l(3).
9
Let w(l) = l**3 + 6*l**2 + 4*l - 2. Suppose 3*s + 18 - 3 = 0. Let c be w(s). Let k(p) = -3*p**2 + 0*p**c + 2*p**2 - 4 - 2 - p**3. Give k(0).
-6
Let u(p) = 3 + 3*p**2 + 7*p**2 - 2 + 0*p**3 - p**3 - 6*p - 4*p. Let b = 21 + -12. Determine u(b).
-8
Let h = 15 - 13. Let k(x) = -x**2 - 4 - h - 10*x + 11 + 11. Let r be k(-11). Let w(i) = -i**2 + i + 7. Determine w(r).
-13
Suppose 40 = -a + 5*a. Suppose 2*u = a + 2. Let j(f) = -2*f**2 - 2*f - 4. Let y(n) = n**2 + 3*n + 5. Let g(d) = -2*j(d) - 3*y(d). Give g(u).
-1
Let p(z) = -z**3 + 5*z**2 + 3*z - 23. Let c be p(5). Let f(b) = b**2 + 3*b - 8. Give f(c).
32
Let z(c) = 3*c**2 + 6*c - 14*c**2 - 4 + 23. Let a(p) = -5*p**2 + 3*p + 9. Let i(j) = -13*a(j) + 6*z(j). Let q be 2 + -7 + 2 + -1. Calculate i(q).
-7
Let s(i) = -i**3 + i**2 + 7. Let x = -26 + 28. Suppose -x*y + 0*y = 0, y = -2*h. Give s(h).
7
Let g = 224 + -225. Let c(r) = 11*r**3 + 1. What is c(g)?
-10
Let o be (3/(6/4))/1. Let z(h) = 4 - 7*h - o + h